7
Suppose -2*g + 5*i = 5 + 4, 0 = -g - 2*i + 9. Suppose g*m + r = 3, -4*m + 3*r - 8*r = 7. List the prime factors of m/(732/(-246) + 3).
2, 41
Let s(u) = u**2 + 7*u + 7540. List the prime factors of s(0).
2, 5, 13, 29
Let k(g) = 5*g**2 - 5*g - 12. Let c be k(-3). Suppose -f + c = -132. What are the prime factors of f?
2, 3, 5
Let m(n) = -n**3 + 4*n**2 + 6*n - 6. Let q be m(5). List the prime factors of 3 + (-34 + (3 - 4))/q.
2, 19
Let v be ((-5)/(-10))/((-3)/492). Let i = v + 115. Suppose -9 - i = -6*j. List the prime factors of j.
7
Suppose 52*v - 400089 = 40663. What are the prime factors of v?
2, 13, 163
Let l(i) = -22*i - 142. Let q be l(-7). Suppose 9*d + q*d = 2478. What are the prime factors of d?
2, 59
Let o(z) = 8*z**2 - 14*z - 38. Suppose 18*s + 18 = 16*s. List the prime factors of o(s).
2, 23
Let t(m) = m**2 + 2*m + 4. Let c be t(0). Suppose -2*w = c*g + 852, -4*g = -w + g - 461. List the prime factors of w*(-1 + 3/6).
2, 109
Suppose -19*k - 2 = -20*k. Suppose k*v = -v + 6*v. Suppose v*n - 90 = -n. What are the prime factors of n?
2, 3, 5
Let m be (-4 - -2) + (1 - -8). Let q(s) = -8*s + 30*s**2 - 8*s**2 + 18 - 21*s**2. What are the prime factors of q(m)?
11
Let y(x) = 2511*x - 274. List the prime factors of y(1).
2237
What are the prime factors of (178376/77)/(2/14)?
2, 2027
Let x(p) = -13*p - 6. Let v be x(-4). Let j(g) = g**2 + 7*g - 69. Let m be j(0). What are the prime factors of (m/v)/(3/(-128))?
2
Suppose -8*m = -9*m - 10. Let p be (74/m - -1)/(1/(-10)). What are the prime factors of (4*4/p)/((-3)/(-84))?
7
Suppose -4*d = -y - 53, -3*y = 3*d - 5*y - 41. Suppose 82 = l - d. List the prime factors of l.
5, 19
Suppose -2*j = -5*r - 9675, 4*j - 4*r - 837 = 18507. What are the prime factors of j?
5, 967
Let k(y) = -13*y**3 + 2*y**2 + 2*y + 3. Suppose 7*g + 21 = -2*x + 2*g, x + 9 = -2*g. Let r be k(x). Suppose -15*h - r = -18*h. What are the prime factors of h?
2, 61
Suppose 0*l - 1 = -3*k - 4*l, 2*k - 4 = -2*l. Suppose -2 - k = -3*i. Suppose 0 = -4*d - 3*h + 20, -h - 5 = i*d - 4*d. List the prime factors of d.
5
Suppose 0 = -5*b - 199 - 171. Suppose -938 = -8*k + 15*k. Let h = b - k. What are the prime factors of h?
2, 3, 5
Let w = 148 + -13. Let a(o) = -o**2 - 11*o - 16. Let n be a(-16). Let m = n + w. What are the prime factors of m?
3, 13
Let x(g) = -127*g + 1578. List the prime factors of x(-36).
2, 3, 5, 41
Let a(d) = 38 - 211*d + 34 - 44*d - 173*d - 13. What are the prime factors of a(-3)?
17, 79
Let y = 72450 + 11341. List the prime factors of y.
83791
Let c(t) = 19*t + 30. Let u be c(19). Suppose 0 = 393*z - u*z - 600. What are the prime factors of z?
2, 3, 5
Let b(y) = 305*y**3 + 3*y**2 - 47*y + 146. List the prime factors of b(3).
7, 1181
Suppose 5802*t - 5811*t + 60399 = 0. List the prime factors of t.
3, 2237
Suppose -2*h + 5*t = 93, 9*t - 226 = 4*h + 7*t. Let n be ((-242)/((-1)/(-1)))/(-2). Let i = h + n. What are the prime factors of i?
2, 31
Let z(i) = 5*i - i**3 - 17 + 1 + 8*i**2 - 3*i. Let w be z(8). Suppose -34 = -u + 5*o + 4, 5*u - 4*o - 190 = w. What are the prime factors of u?
2, 19
Let n(j) = 819*j**2 + 156*j - 310. List the prime factors of n(2).
2, 11, 149
Suppose -24 = 3*g - 6. Let s be -4 + 3/(g/70). Let p = s + 64. What are the prime factors of p?
5
List the prime factors of (((-6362895)/(-42))/35)/(-4 - 51/(-12)).
2, 11, 787
Let m(q) = -2*q**3 - 47*q**2 + 16*q + 3. Suppose -5*d = a + 265, -5*a = -3*d - 200 + 13. Let b be (32/6)/(12/d). What are the prime factors of m(b)?
3, 5, 13
Let r(g) = -g**2 - 12*g - 7. Let q = 14 + -42. Let c be (-3)/(-12) - (-259)/q. What are the prime factors of r(c)?
2, 5
Let i(j) = -j**2 + 8*j - 12. Let h be i(6). Let v(z) = 9*z + 116. List the prime factors of v(h).
2, 29
Let n = 2583 + 3402. What are the prime factors of n?
3, 5, 7, 19
Let d(j) = -j**2 - 14*j - 13. Let y be d(-13). Suppose y = 7*q - 409 - 662. What are the prime factors of q?
3, 17
Let o = -97983 + 142077. List the prime factors of o.
2, 3, 7349
Let z = 1282 - 2247. Let l = -236 - z. List the prime factors of l/4 + 2/(-8).
2, 7, 13
Suppose -h - 27438 = 2*k - 6*k, -2*k = 3*h - 13726. Suppose -12*n - k = -19*n. Suppose 18*o - 13*o - n = 0. What are the prime factors of o?
2, 7
Suppose -116*d = -79*d - 1542641. What are the prime factors of d?
173, 241
Let i(n) = -13*n**2 + 3*n - 6. Let k be i(-8). Let u = -319 - k. What are the prime factors of u?
3, 181
Let m(f) = -34*f - 192. Let j be m(-6). What are the prime factors of (-122)/(-4) - j/(-8)?
2
Suppose -1000*r = -969*r - 796297. List the prime factors of r.
17, 1511
Suppose -3*f + 705 = -3*x, f - x - 2*x = 241. Let z = f - 103. Let h = z - 22. What are the prime factors of h?
107
Suppose 9354 - 27092 = 2*h - 4*h. List the prime factors of h.
7, 181
Suppose 1227*z - 1235*z = -91232. List the prime factors of z.
2, 2851
Suppose -6205 = 45*f + 41450. Let k = -25 + 73. List the prime factors of (-4)/(k/f) - 3/12.
2, 11
Let o(m) = 232*m + 591*m**2 - 1 - 111*m - 115*m. List the prime factors of o(1).
2, 149
Let f(s) = -s**2 + 6*s - 1. Let n be f(3). Suppose -739 = -63*w - 298. Suppose -w = -n*r + 9. What are the prime factors of r?
2
Let i(z) be the third derivative of 1/10*z**5 + 0*z + 0 + 14/3*z**3 + 34*z**2 - 3/8*z**4. List the prime factors of i(3).
5, 11
Let m(i) = -i**3 + 24*i**2 - 16*i - 42. Let d(c) = -5*c**3 + 120*c**2 - 79*c - 209. Let p(z) = -2*d(z) + 11*m(z). What are the prime factors of p(22)?
2, 3, 11
What are the prime factors of -2090*24/(-90)*99/4?
2, 3, 11, 19
Suppose -4440 = 14*x - 11762. Let y = -4 - -7. Suppose -7*u + 2*g = -2*u - x, -y*u = -g - 313. List the prime factors of u.
103
Let i(f) = 4*f**2 + 30*f + 28. Suppose 2*z = 5*m - 3*z + 45, -2*m - z = 24. List the prime factors of i(m).
2, 7, 13
Suppose -6*x = 10*x - 480. List the prime factors of -33 + 28 + x*41.
5, 7
Suppose -2*d - 1 = 3, -2*d = 4*a - 16. Suppose -5 = a*f - 5*u - 15, u = -3*f + 18. Suppose -22 - 113 = -f*g. List the prime factors of g.
3
Suppose 3*i - j - 5722 = 0, -989 + 10499 = 5*i + 5*j. Let h = -1304 + i. What are the prime factors of h?
2, 7, 43
Let k be (-42)/(-28) - (-39)/(-2). List the prime factors of (-98)/(k/(-22) - 1).
7, 11
Suppose 3*w + 80*a - 93*a = 175808, 3*a + 24 = 0. What are the prime factors of w?
2, 7321
Suppose -3*n + 14348 = -2*p + 6*p, -4*p = n - 4772. What are the prime factors of n?
2, 3, 7, 19
Let c = 15 - 27. Let n(r) = 119 - 5*r - 72 - 60. What are the prime factors of n(c)?
47
Suppose -11*x - 15 = -15. Suppose x = -10*l + 271 + 1569. List the prime factors of l.
2, 23
Suppose 50 = 26*t - 16*t. Suppose 2*v - t*w - 1550 = -0*v, -w + 775 = v. What are the prime factors of v?
5, 31
Let y = 632 - 433. Suppose y + 20 = 3*a. List the prime factors of a.
73
Suppose 78774 = 2*o - 2*w, 356*o = 355*o - 5*w + 39417. What are the prime factors of o?
2, 1231
Suppose 28*l + 101 - 297 = 0. Suppose 0 = -4*y + 3*d + 5837, -l*d + 2921 = 2*y - 8*d. List the prime factors of y.
7, 11, 19
Suppose 100*g - 26*g = 541754. What are the prime factors of g?
7321
Suppose -194*w - 164*w = -7769316. What are the prime factors of w?
2, 3, 3617
Let k(g) = 5*g + 55. Let b be k(-11). Suppose b = -157*j + 155*j + 6. What are the prime factors of j?
3
Suppose b - 28 = -5*a - 9, 5*b - 7 = -3*a. Suppose a*z = 6*u - 4*u + 1160, 0 = -u. List the prime factors of z.
2, 5, 29
Let s be 228/(-39) - 6/117*3. Let w be s/27 + 1037/9. Suppose -20*x + 19*x = -w. What are the prime factors of x?
5, 23
Let s = 5854 + -5868. Suppose -3*k - 24 = k. What are the prime factors of k/14 - (6240/s)/4?
3, 37
Suppose -6 + 26 = -5*t, -2*t - 20319 = -b. List the prime factors of b.
19, 1069
Let b be ((-2)/(-45)*-10)/((-2)/9). What are the prime factors of 201/b - ((-21)/14 + 2)?
2, 5
Suppose 42*p - 127523 = 54001. What are the prime factors of p?
2, 2161
What are the prime factors of (-266)/3*(-26)/(234/621)?
2, 7, 19, 23
Suppose 5 = -m + 2*n, -5*m + 2*n + 27 = 5*n. Suppose -2*p = -2*r - 66 - 266, -r - 498 = -m*p. Let y = 6 + p. List the prime factors of y.
2, 43
Suppose 12*w - 16*w = -16. Suppose 0 = 5*d + 4*a - 17, 2*a - w*a = 5*d - 21. Suppose y + d*r = 68, -2*y + 5*r - 340 = -7*y. List the prime factors of y.
2, 17
Let j(z) = 3*z + 20. Let t(x) = -6*x - 39. Let l(k) = -5*j(k) - 2*t(k). Let f be 